s the highest common divisor of 2030 and 154628?
58
Calculate the greatest common divisor of 614 and 6754921.
307
What is the greatest common factor of 800 and 227424?
32
What is the greatest common factor of 387 and 13760?
43
What is the greatest common divisor of 164 and 35629?
41
What is the greatest common factor of 26 and 5963217?
13
Calculate the greatest common factor of 4062744 and 504.
504
Calculate the highest common divisor of 910 and 287105.
455
What is the highest common divisor of 123 and 4970594?
41
What is the highest common divisor of 6 and 819906?
6
What is the greatest common divisor of 255293 and 177?
59
Calculate the highest common divisor of 209 and 76087.
11
Calculate the highest common factor of 1980500 and 680.
340
Calculate the highest common factor of 11120 and 1240.
40
What is the highest common divisor of 41 and 689743?
41
What is the greatest common factor of 71 and 166069?
71
What is the highest common factor of 57340 and 80?
20
Calculate the highest common factor of 31 and 140926.
31
Calculate the highest common factor of 396000 and 176.
176
Calculate the highest common factor of 6480 and 164349.
81
Calculate the highest common factor of 26 and 2945.
1
What is the greatest common divisor of 498 and 645906?
498
What is the greatest common divisor of 486 and 49761?
27
Calculate the highest common factor of 147 and 43743.
21
What is the highest common factor of 43676 and 41724?
244
What is the highest common factor of 1785 and 88893?
357
Calculate the greatest common factor of 3216 and 16176.
48
What is the highest common factor of 748 and 100?
4
What is the greatest common divisor of 282 and 1105158?
282
What is the greatest common divisor of 567 and 122877?
81
What is the highest common divisor of 7520 and 159840?
160
What is the highest common factor of 336 and 1194312?
168
What is the highest common divisor of 79035 and 13695?
165
What is the greatest common divisor of 1275 and 125?
25
What is the highest common factor of 8876 and 1183?
7
What is the greatest common divisor of 250 and 1070?
10
What is the highest common divisor of 86 and 1027657?
43
Calculate the highest common factor of 988 and 282074.
494
Calculate the greatest common factor of 121 and 1772650.
121
Calculate the greatest common divisor of 23821 and 63.
7
Calculate the highest common factor of 68 and 926092.
68
Calculate the highest common factor of 325000 and 520.
520
What is the highest common factor of 1460 and 196954?
146
What is the greatest common factor of 469 and 113230?
67
Calculate the highest common factor of 223387 and 174.
29
Calculate the highest common divisor of 3745 and 1085.
35
Calculate the greatest common factor of 2622 and 176700.
114
What is the highest common divisor of 720 and 49920?
240
Calculate the highest common divisor of 398493 and 27.
27
Calculate the highest common divisor of 64 and 18.
2
What is the greatest common divisor of 75978 and 2142?
126
What is the highest common factor of 34 and 2297?
1
Calculate the greatest common divisor of 168 and 62223.
21
Calculate the greatest common factor of 71680 and 7.
7
What is the highest common factor of 190 and 1292570?
190
What is the greatest common factor of 1302042 and 1624?
406
Calculate the highest common divisor of 230 and 154790.
230
Calculate the highest common factor of 924 and 444864.
84
Calculate the highest common factor of 7051 and 803.
11
Calculate the highest common factor of 1232 and 542556.
28
What is the greatest common factor of 1147 and 31?
31
What is the greatest common factor of 38 and 277286?
38
What is the highest common factor of 288097 and 3084?
257
What is the highest common divisor of 225641 and 3094?
221
What is the greatest common factor of 2355990 and 143?
13
Calculate the greatest common divisor of 1067 and 15037.
11
Calculate the greatest common factor of 629598 and 12.
6
Calculate the highest common factor of 1562 and 1442507.
781
Calculate the highest common divisor of 417 and 677.
1
What is the greatest common divisor of 1703068 and 2361?
787
Calculate the highest common divisor of 215 and 28552.
43
What is the highest common divisor of 3086122 and 522?
58
What is the highest common divisor of 113 and 57743?
113
What is the greatest common factor of 449582 and 14?
14
What is the highest common factor of 216717 and 106?
53
What is the highest common divisor of 84 and 134484?
84
Calculate the greatest common factor of 74617 and 28768.
899
Calculate the greatest common divisor of 65 and 184236.
13
What is the greatest common factor of 25330328 and 2488?
2488
Calculate the greatest common divisor of 36 and 411288.
12
What is the highest common factor of 24030 and 4450?
890
What is the greatest common factor of 348 and 208191?
87
What is the highest common divisor of 85 and 10200?
85
Calculate the highest common factor of 3 and 15459.
3
What is the highest common divisor of 2250 and 12060?
90
Calculate the greatest common factor of 1770 and 53808.
354
Calculate the highest common factor of 3366 and 144.
18
Calculate the greatest common factor of 6417 and 17732.
31
What is the greatest common factor of 46084 and 24764?
164
Calculate the highest common factor of 4402 and 6674.
142
What is the greatest common factor of 414 and 826137?
207
Calculate the greatest common divisor of 8104 and 68.
4
Calculate the greatest common divisor of 100870 and 580.
10
What is the highest common divisor of 1000 and 875?
125
What is the greatest common factor of 3835 and 624?
13
What is the greatest common divisor of 492 and 15949?
41
Calculate the highest common factor of 113581 and 13.
13
What is the highest common divisor of 34528 and 7072?
416
Calculate the highest common divisor of 18 and 126486.
18
Calculate the highest common divisor of 99050 and 18550.
350
What is the highest common divisor of 9782 and 2482?
146
What is the highest common divisor of 54487 and 46?
23
What is the highest common factor of 975 and 25155?
195
Calculate the highest common divisor of 62445 and 1725.
345
What is the highest common divisor of 106 and 50?
2
What is the greatest common factor of 4940 and 15392?
52
What is the greatest common divisor of 168240 and 2040?
120
What is the highest common divisor of 14175 and 999?
27
Calculate the highest common divisor of 267408 and 24.
24
Calculate the greatest common divisor of 70 and 31598.
14
What is the highest common factor of 10314 and 270?
54
What is the greatest common divisor of 20040 and 960?
120
What is the greatest common divisor of 18952 and 2163?
103
Calculate the highest common factor of 12705 and 5864628.
2541
What is the greatest common divisor of 1264 and 1019258?
158
What is the highest common divisor of 12 and 717348?
12
Calculate the greatest common factor of 29445 and 585.
195
Calculate the highest common divisor of 16225 and 7425.
275
Calculate the highest common factor of 3312 and 1065429.
207
Calculate the greatest common divisor of 2574 and 4653.
99
Calculate the highest common divisor of 60 and 3837.
3
What is the greatest common divisor of 1320 and 3608?
88
Calculate the greatest common divisor of 5160 and 3741.
129
Calculate the highest common factor of 130 and 290.
10
What is the greatest common divisor of 52736 and 103?
103
What is the greatest common factor of 115710 and 3591?
399
Calculate the highest common divisor of 817 and 9633.
19
Calculate the greatest common factor of 62 and 58098.
2
What is the greatest common divisor of 1254559 and 16687?
1517
What is the greatest common divisor of 25820232 and 24?
24
What is the highest common factor of 24066 and 1757?
7
What is the greatest common divisor of 94830 and 2175?
435
Calculate the greatest common factor of 1102515 and 465.
465
Calculate the greatest common divisor of 1831833 and 222.
111
Calculate the highest common divisor of 911 and 5332083.
911
Calculate the greatest common factor of 18535 and 165.
55
Calculate the greatest common divisor of 314369 and 22.
11
What is the greatest common divisor of 1520 and 2659430?
190
What is the greatest common factor of 13 and 363571?
13
What is the greatest common divisor of 6188 and 19040?
476
Calculate the highest common factor of 1325 and 6025.
25
Calculate the greatest common divisor of 1489800 a